r when 1272 is divided by 44.
40
What is the remainder when 970 is divided by 37?
8
What is the remainder when 9222 is divided by 5?
2
What is the remainder when 1094 is divided by 535?
24
What is the remainder when 157 is divided by 39?
1
What is the remainder when 338 is divided by 57?
53
Calculate the remainder when 39 is divided by 30.
9
Calculate the remainder when 173 is divided by 55.
8
Calculate the remainder when 19 is divided by 8.
3
Calculate the remainder when 3537 is divided by 58.
57
What is the remainder when 257 is divided by 116?
25
Calculate the remainder when 131 is divided by 69.
62
Calculate the remainder when 2488 is divided by 1241.
6
Calculate the remainder when 1623 is divided by 56.
55
Calculate the remainder when 86 is divided by 29.
28
Calculate the remainder when 1488 is divided by 164.
12
What is the remainder when 459 is divided by 21?
18
Calculate the remainder when 28 is divided by 15.
13
What is the remainder when 1400 is divided by 45?
5
Calculate the remainder when 214 is divided by 24.
22
Calculate the remainder when 36 is divided by 6.
0
Calculate the remainder when 226 is divided by 39.
31
What is the remainder when 868 is divided by 11?
10
Calculate the remainder when 182 is divided by 1.
0
Calculate the remainder when 5493 is divided by 134.
133
What is the remainder when 568 is divided by 26?
22
What is the remainder when 630 is divided by 13?
6
Calculate the remainder when 278 is divided by 57.
50
What is the remainder when 143 is divided by 36?
35
Calculate the remainder when 98 is divided by 48.
2
What is the remainder when 180 is divided by 124?
56
Calculate the remainder when 1324 is divided by 657.
10
What is the remainder when 4957 is divided by 171?
169
Calculate the remainder when 35 is divided by 20.
15
What is the remainder when 33 is divided by 13?
7
Calculate the remainder when 112 is divided by 49.
14
Calculate the remainder when 328 is divided by 161.
6
Calculate the remainder when 820 is divided by 36.
28
Calculate the remainder when 581 is divided by 110.
31
What is the remainder when 3704 is divided by 15?
14
Calculate the remainder when 231 is divided by 27.
15
Calculate the remainder when 690 is divided by 87.
81
Calculate the remainder when 85 is divided by 41.
3
What is the remainder when 278 is divided by 92?
2
Calculate the remainder when 193 is divided by 38.
3
What is the remainder when 54 is divided by 14?
12
What is the remainder when 1033 is divided by 91?
32
What is the remainder when 258 is divided by 36?
6
Calculate the remainder when 201 is divided by 4.
1
Calculate the remainder when 17470 is divided by 257.
251
What is the remainder when 321 is divided by 81?
78
Calculate the remainder when 16925 is divided by 93.
92
Calculate the remainder when 175 is divided by 72.
31
What is the remainder when 7819 is divided by 10?
9
What is the remainder when 2133 is divided by 45?
18
Calculate the remainder when 2671 is divided by 99.
97
Calculate the remainder when 13247 is divided by 25.
22
What is the remainder when 655 is divided by 9?
7
Calculate the remainder when 149 is divided by 11.
6
What is the remainder when 404 is divided by 14?
12
What is the remainder when 269 is divided by 18?
17
Calculate the remainder when 29 is divided by 5.
4
Calculate the remainder when 1139 is divided by 38.
37
Calculate the remainder when 122 is divided by 107.
15
Calculate the remainder when 211 is divided by 3.
1
Calculate the remainder when 203 is divided by 70.
63
What is the remainder when 158 is divided by 7?
4
Calculate the remainder when 300 is divided by 103.
94
What is the remainder when 329 is divided by 53?
11
What is the remainder when 183 is divided by 5?
3
What is the remainder when 1916 is divided by 168?
68
What is the remainder when 96 is divided by 96?
0
Calculate the remainder when 402 is divided by 195.
12
Calculate the remainder when 177 is divided by 26.
21
Calculate the remainder when 58 is divided by 4.
2
What is the remainder when 11110 is divided by 30?
10
Calculate the remainder when 1331 is divided by 89.
85
What is the remainder when 1355 is divided by 85?
80
What is the remainder when 933 is divided by 11?
9
Calculate the remainder when 2582 is divided by 63.
62
Calculate the remainder when 61 is divided by 24.
13
Calculate the remainder when 18 is divided by 15.
3
Calculate the remainder when 820 is divided by 35.
15
What is the remainder when 289 is divided by 80?
49
Calculate the remainder when 86 is divided by 2.
0
Calculate the remainder when 1337 is divided by 103.
101
Calculate the remainder when 925 is divided by 18.
7
Calculate the remainder when 1282 is divided by 36.
22
What is the remainder when 147 is divided by 60?
27
Calculate the remainder when 3104 is divided by 183.
176
What is the remainder when 90 is divided by 26?
12
What is the remainder when 181 is divided by 14?
13
What is the remainder when 85 is divided by 73?
12
Calculate the remainder when 222 is divided by 61.
39
What is the remainder when 225 is divided by 54?
9
Calculate the remainder when 228 is divided by 24.
12
What is the remainder when 24351 is divided by 246?
243
What is the remainder when 348 is divided by 55?
18
What is the remainder when 294 is divided by 30?
24
What is the remainder when 3146 is divided by 448?
10
What is the remainder when 2263 is divided by 281?
15
Calculate the remainder when 9800 is divided by 258.
254
What is the remainder when 1120 is divided by 5?
0
What is the remainder when 558 is divided by 80?
78
Calculate the remainder when 619 is divided by 61.
9
Calculate the remainder when 915 is divided by 27.
24
What is the remainder when 971 is divided by 99?
80
What is the remainder when 5896 is divided by 59?
55
Calculate the remainder when 3248 is divided by 130.
128
What is the remainder when 108 is divided by 14?
10
What is the remainder when 428 is divided by 16?
12
Calculate the remainder when 3351 is divided by 80.
71
What is the remainder when 2620 is divided by 32?
28
What is the remainder when 85 is divided by 59?
26
What is the remainder when 33 is divided by 9?
6
What is the remainder when 1362 is divided by 62?
60
Calculate the remainder when 31 is divided by 14.
3
Calculate the remainder when 99 is divided by 45.
9
Calculate the remainder when 206 is divided by 42.
38
What is the remainder when 2056 is divided by 678?
22
What is the remainder when 317 is divided by 29?
27
Calculate the remainder when 5903 is divided by 144.
143
What is the remainder when 198 is divided by 54?
36
What is the remainder when 513 is divided by 130?
123
What is the remainder when 1955 is divided by 48?
35
What is the remainder when 2167 is divided by 5?
2
What is the remainder when 158 is divided by 51?
5
What is the remainder when 274 is divided by 76?
46
What is the remainder when 189 is divided by 3?
0
What is the remainder when 191 is divided by 12?
11
What is the remainder when 454 is divided by 116?
106
What is the remainder when 97 is divided by 62?
35
Calculate the remainder when 1648 is divided by 270.
28
What is the remainder when 859 is divided by 21?
19
Calculate the remainder when 1655 is divided by 117.
17
What is the remainder when 1411 is divided by 101?
98
Calculate the remainder when 63 is divided by 11.
8
Calculate the remainder when 2937 is divided by 30.
27
Calculate the remainder when 2383 is divided by 53.
51
What is the remainder when 101 is divided by 32?
5
Calculate the remainder when 757 is divided by 51.
43
What is the remainder when 3837 is divided by 101?
100
Calculate the remainder when 32 is divided by 30.
2
What is the remainder when 909 is divided by 4?
1
What is the remainder when 676 is divided by 15?
1
Calculate the remainder when 213 is divided by 57.
42
Calculate the remainder when 811 is divided by 31.
5
Calculate the remainder when 1750 is divided by 5.
0
Calculate the remainder when 66 is divided by 36.
30
Calculate the remainder when 2534 is divided by 254.
248
What is the remainder when 10075 is divided by 11?
10
Calculate the remainder when 4120 is divided by 13.
12
Calculate the remainder when 181 is divided by 31.
26
What is the remainder when 1207 is divided by 31?
29
Calculate the remainder when 880 is di